 divisor of 40 and i?
40
Suppose 3*n = 2*n + 37. Suppose -6 = -2*f + 5*f, 5*c + 4*f = n. Suppose 5*k - 242 = -17. What is the highest common factor of c and k?
9
Suppose 3*s = -2*u, 4 = -4*u + s - 5*s. Let b be u + 2 - 7*-49. Suppose -6*j + 3*x + b = -j, -4*j - x + 260 = 0. What is the greatest common factor of j and 6?
6
Let k(m) = m**3 - 19*m**2 - 14*m + 12. Let v be k(20). Calculate the highest common divisor of v and 12.
12
Let r be (2/(-4))/(3/36). Let w = 15 + -4. Let s = w + r. Calculate the highest common divisor of s and 25.
5
Let v = -114 - -120. What is the greatest common divisor of 48 and v?
6
Let p = 32 + -30. What is the greatest common divisor of 3 and p?
1
Let o = 3 + 0. Suppose -9 = -o*a + 2*a - u, 12 = 3*a - 2*u. Suppose -120 = a*x - 9*x. Calculate the highest common factor of 10 and x.
10
Let t be 133/(-14) - (-1)/2. Let f = 13 + t. Let w(d) = -d**3 + 6*d**2 - 5*d. Let c be w(f). What is the greatest common factor of 60 and c?
12
Let d(t) = -9*t**3 + 0 + 10*t**3 + 8*t**2 + 1 + 4*t. Let y be d(-5). Calculate the highest common factor of y and 14.
14
Let i be (24/15)/2*5. Suppose 2*y + i = 34. What is the greatest common divisor of y and 30?
15
Let u = 13 + -9. Suppose -3*h + 4*h - 217 = -2*z, u*z + 5*h = 437. Suppose -62 = -5*r + w, r + 2 - 8 = -3*w. What is the highest common divisor of z and r?
12
Let p = 26 - 24. Suppose 2*i = -3*i + 15. Let c(q) = 3*q - 4. Let t be c(i). What is the greatest common factor of p and t?
1
Let i(w) = -12*w - 1. Let f be i(-3). Suppose -2*d - 2*d = -144. Let x = d + -22. Calculate the greatest common factor of f and x.
7
Suppose 93 = 4*g + 5*k, -2*g + 13 = 3*k - 34. Calculate the greatest common divisor of g and 22.
22
Let r be 2/((18/21)/3). Let w(t) = -2 + 4*t**2 + 3*t**2 - 9*t - 5*t**2. Let d be w(r). What is the greatest common factor of d and 22?
11
Let g be (-10)/10*(-15 - 1). Let i = -27 - -43. Calculate the highest common divisor of i and g.
16
Let u(c) = -c**3 - 7*c**2 + 6*c - 4. Let g be u(-6). Let t be 6/(-9) + g/(-6). Let h = -1 - -7. Calculate the greatest common divisor of h and t.
6
Suppose 4*k + 4*g - 27 = -k, k - g = 0. Suppose -k*l - l + 28 = 0. Let f be (-4)/10*(-73 - -3). Calculate the highest common divisor of f and l.
7
Let c be 1 - (-2 + 1) - 2. Suppose 2*a = -c*a + 6. Suppose a*l - 17 = 13. Calculate the greatest common factor of 20 and l.
10
Suppose 2*k = 8 + 28. What is the highest common divisor of k and 198?
18
Suppose -7*i = -6*i - 20. Suppose -150 = -8*q + 3*q. Calculate the greatest common factor of q and i.
10
Suppose -5*o = 4*o. Suppose 2*r + 2 - 1 = a, -3*r = -4*a + 4. Suppose o*f + 3*f - 252 = r. What is the greatest common divisor of 12 and f?
12
Suppose s = 2*s - 3. Suppose u - s*q - 20 = 0, -5*q + 3*q + 38 = 3*u. Let g be 2/1*2/2. Calculate the greatest common divisor of g and u.
2
Suppose 6*m - 803 = 277. Let w be 1*((1 - 0) + 0). Let n be (m/35)/(w/14). What is the highest common divisor of 18 and n?
18
Suppose -k = 3*r - 52 + 20, -5*r = 5. Suppose 3*p + 5 - k = 0. Let q be (-3 - 2 - -10) + 85. Calculate the greatest common divisor of p and q.
10
Suppose 3*q = -v, 2*v + 10 = -3*q + 2*q. Let t(u) = -u**3 - 6*u**2 - 3*u - 6. Let b be t(v). What is the greatest common divisor of 108 and b?
12
Let l(h) = -h**3 + 14*h**2 + 9*h + 19. Let d be l(14). Let i be (0 - -2) + -3 + d. What is the greatest common factor of i and 18?
18
Let b(g) = g + 3. Let r be b(7). Calculate the highest common divisor of 2 and r.
2
Let h(d) = -d**3 + 8*d**2 + 4*d + 8. Let i be h(8). What is the highest common factor of i and 60?
20
Suppose 2*v + v = 15. Let q be 90*(-15)/(-12)*(-4)/(-10). Calculate the greatest common factor of q and v.
5
Let w(a) = 3*a - 1. Let l be w(3). Let h = 15 - l. Calculate the greatest common factor of 56 and h.
7
Suppose 0 = -10*l + 5*l + 520. Calculate the greatest common factor of l and 13.
13
Suppose y - 72 = -x, 3*y - 5*y = 10. Let f be (-1)/3 + 68/6. Calculate the highest common divisor of x and f.
11
Suppose j + 32 = 5*j - o, -1 = -3*j - 5*o. Calculate the greatest common divisor of j and 77.
7
Suppose -7*b - 2 = -8*b. Let q be 3/2 + (-1)/(-2). Calculate the greatest common divisor of b and q.
2
Suppose 0 = 55*p - 60*p + 80. Calculate the highest common divisor of p and 56.
8
Let a(x) = -15*x + 3. Let i be a(-2). What is the highest common divisor of i and 11?
11
Suppose -u + 8 = 3*k, -3*k + 4*u = -u + 4. Suppose -2*p + k*b + 12 = 0, 3*p - 11 - 23 = -b. Calculate the highest common factor of 2 and p.
2
Suppose -2*u = 3*u + 40. Let b = -6 - u. Suppose 3*r - 74 = -b*y + 18, 4*y - 164 = -r. What is the highest common divisor of 8 and y?
8
Let c(s) = s**3 + 3*s**2 - 3*s + 2. Let b be c(-3). What is the highest common divisor of 22 and b?
11
Suppose -m = -2*h - 3*h + 8, -2*m - 2*h = -20. Calculate the greatest common factor of 56 and m.
7
Let q be 12*1/(-3)*-2. What is the highest common divisor of 56 and q?
8
Suppose -d + 42 = 2*o + 7, 0 = -5*o - 10. Calculate the greatest common factor of d and 39.
39
Let t(w) = -4*w - 5. Let x be t(-5). Suppose -4*d - x = -9*d. Suppose d*k - 6*k + 234 = 0. Calculate the greatest common divisor of k and 52.
26
Let p(o) = -2*o**2 - 13*o + 5. Let n be p(-6). What is the highest common factor of n and 143?
11
Suppose -k + 1 = -2. Calculate the highest common divisor of 1 and k.
1
Let k = -172 + 292. Calculate the greatest common factor of 30 and k.
30
Suppose m - 4*m = 951. Let b = -196 - m. Let i(c) = c + 3. Let g be i(8). Calculate the highest common factor of g and b.
11
Suppose 4*b - 391 - 577 = 0. What is the highest common factor of 22 and b?
22
Let s(v) = -v**3 - 8*v**2 + 8*v - 8. Let x be s(-9). What is the highest common divisor of 7 and x?
1
Suppose 3*i + 6 = 5*i. Suppose i*v - 25 = 20. Calculate the highest common divisor of 10 and v.
5
Suppose -2*c + 0*c = -40. Suppose -4*k + c = k. Calculate the highest common divisor of 32 and k.
4
Suppose 0 = u - 4*u + 12. Suppose -q + n + 4 = -0*q, 0 = -u*n + 12. Suppose 4*o - f = 227, 2*f + 6 + 0 = 0. What is the highest common divisor of q and o?
7
Suppose 89 = 5*z - 3*t, -3*z - 9 = 2*t - 51. What is the greatest common factor of 4 and z?
4
Suppose -6*g = -3*g - 24. Let i = 11 - g. Let a(q) = -q**2 + 5*q - 2. Let n be a(4). What is the highest common divisor of i and n?
1
Let f be (27/(-12))/((-1)/24). Let o(i) = 2*i - 10. Let s be o(8). Calculate the greatest common factor of s and f.
6
Suppose 4*m + 184 = 2*x, -3*x - 2*x + 436 = -4*m. Let d(g) = g**2 + 4*g - 9. Let k be d(-7). What is the greatest common factor of x and k?
12
Suppose 0 = 31*b - 435 - 123. Let h(k) = k**2 - 2*k + 4. Let w be h(4). What is the greatest common divisor of b and w?
6
Let v be 5*(-12)/30*-1. Calculate the greatest common factor of v and 1.
1
Let t = 22 + -3. What is the greatest common divisor of t and 171?
19
Suppose -2*h + 58 + 14 = v, 0 = 4*h - v - 138. Calculate the highest common factor of h and 350.
35
Let d be ((-11)/(-2))/(-1)*-18. Suppose 0 = 3*s + s + 3*l - 24, -s + 2*l = -6. Let n be (s + -7)/(1/(-9)). What is the highest common divisor of n and d?
9
Let c = -25 + 27. Let u be (2 + (-2 - 0))/1. Suppose -l - 4*v = -14, u*l - 106 = -5*l - 2*v. What is the greatest common factor of l and c?
2
Suppose 2*n + 4*j + 0 = -8, -10 = -4*n + 5*j. Suppose n = -3*x - 0*x + 84. What is the highest common divisor of x and 7?
7
Suppose -4*l = -151 - 5. What is the greatest common factor of 65 and l?
13
Let q(j) = j**3 - 7*j**2 + 6*j - 14. Let t be q(7). Calculate the greatest common divisor of 224 and t.
28
Let g be (-4)/(-6)*33/2. Calculate the highest common factor of g and 77.
11
Suppose -2*j - 3*j = -30. Suppose -j*o + 306 = -4*o. Let q be -1*(-17 + (0 - 0)). What is the highest common factor of q and o?
17
Let r = -7 + 8. What is the highest common factor of 5 and r?
1
Let b(i) = i**2 + i + 3. Let p be b(-6). Suppose -3*c = g + 2 - 23, -3*c = 3*g - p. Calculate the greatest common divisor of g and 12.
6
Let m be ((-88)/(-5))/(2*2/10). Let t(b) = b**2 - b - 1. Let a be t(-3). What is the highest common divisor of m and a?
11
Let s(n) = -n**3 + 5*n**2 - 5*n + 2. Let c be s(3). Suppose -r + c*r = 160. What is the greatest common divisor of r and 10?
10
Suppose -3*p - 107 = -2*u, -3*u + 6*u 